te the greatest common factor of k and f.
2
Suppose 0 = -2*m + 6*m. Let o be m + (67 - (-3 + 2)). Suppose 2 - 77 = -5*p + 2*i, -2*i = -4*p + 58. What is the highest common divisor of p and o?
17
Let a = 73 - 53. Calculate the highest common factor of a and 40.
20
Let q(x) = -3*x + 4. Let a be q(-5). Suppose -20 = 4*p, 0 = 4*b - p + 362 + 101. Let z = -22 - b. Calculate the highest common factor of a and z.
19
Suppose -5*k + 11 = -9. Let j(r) = 9*r - 8. Let h be j(4). What is the highest common divisor of k and h?
4
Let m(t) = t**2 + t - 22. Let g be m(19). Suppose -3*l - 2*l = 2*o - g, -5*o = 5. Calculate the highest common factor of 8 and l.
8
Suppose -4*q = -698 - 850. Suppose s - m = -3*m + 15, 0 = -2*s + m + 5. Suppose -s*x - 117 = -q. What is the greatest common divisor of x and 6?
6
Let m(u) be the first derivative of 5*u**2/2 - 3*u - 1. Let j be m(3). Let h = -5 + j. Calculate the greatest common factor of 35 and h.
7
Let w be 1/(1/(-2)) + -2. Let f be 1/3*(w + 19). Suppose -209 = 4*v - f*v. What is the highest common factor of 19 and v?
19
Let a = -54 + 78. Calculate the highest common factor of 60 and a.
12
Suppose 0*b - 270 = -3*b. Suppose 0 = -4*o - 4*o + 144. What is the greatest common divisor of b and o?
18
Suppose -3*w = 4 + 2. Let x be -10*(w - -1)*1. What is the highest common divisor of x and 50?
10
Let a = 22 + -1. Suppose 6*j - j - 70 = 0. Calculate the highest common factor of a and j.
7
Suppose 5*a + 24 = 39. Suppose -25 = -a*p + 14. Calculate the highest common factor of 13 and p.
13
Let r(x) = -2*x**2 + 17*x - 3. Let b be r(8). Calculate the greatest common divisor of b and 5.
5
Let h(q) = 5*q + 1. Let s be h(7). Suppose -o + s = 2*o. Let l = 27 - o. What is the highest common factor of l and 6?
3
Suppose 11 = 2*b + 1. What is the highest common divisor of 2 and b?
1
Suppose -4*t - 9 = -7*t. Suppose 4*o - 15 = t*o. What is the highest common divisor of o and 10?
5
Let b = -9 - -16. Let a(z) = z**3 - 12*z**2 + 12*z - 5. Let t be a(11). Let g(k) = k**2 - 8. Let p be g(t). Calculate the greatest common divisor of b and p.
7
Suppose -2*d = i - 40 - 0, -3*i + 2*d + 88 = 0. Let u be 2/(-8) - (-130)/8. What is the highest common factor of i and u?
16
Let z be (-112)/(-1) + (5 - 5). What is the greatest common divisor of 16 and z?
16
Suppose 10*m + 7*m - 255 = 0. Calculate the highest common factor of 9 and m.
3
Suppose 4*v - 4*t + 96 = 0, -29 - 13 = 2*v - 5*t. Let u = v + 39. Let l be (-3)/(-4) - 569/(-4). What is the greatest common factor of l and u?
13
Let z be 4/6 - 140/(-6). Suppose 0 = 8*h - 13 - 35. What is the greatest common divisor of h and z?
6
Suppose 4*s - 707 + 45 = -2*q, -5 = -5*q. Calculate the highest common factor of s and 15.
15
Let k(g) = 3*g - 2. Let s be k(2). Suppose -186 = -3*t - 7*w + s*w, 4*w + 200 = 3*t. Calculate the highest common divisor of t and 16.
16
Let v be 3/9 - 580/(-15). Calculate the highest common divisor of 13 and v.
13
Let h be (4 + 8)*(-6)/(-8). Let l = -46 - -91. What is the greatest common divisor of h and l?
9
Suppose 0 = -y + 5*s + 80 + 111, -4*s + 692 = 4*y. Calculate the greatest common divisor of 22 and y.
22
Let o(h) = -h**2 + h + 1. Let w be o(1). Let q be (-3 + 3)/(-1*1). Suppose z = -q + w. What is the greatest common factor of 2 and z?
1
Let j be ((-30)/20)/(3/(-8)). Let z(p) = 5*p + 3. Let i be z(j). What is the highest common divisor of i and 115?
23
Suppose -c - 2*c = -51. Suppose c = 2*k - 13. What is the highest common factor of k and 30?
15
Let u = 0 + -6. Let g be 3/(u/(-4)) - 0. Let x = -3 - -5. What is the greatest common factor of g and x?
2
Suppose 18 = -5*d + 103. Let t be 1 + -3 - (-91 - -1). Let a = t - 3. What is the highest common divisor of d and a?
17
Suppose 0 = l - 1 - 4. Suppose 4*d - l*d + 3 = 0. Let w be 1*9 - (2 - d). What is the highest common factor of w and 25?
5
Let c(z) = -7 + 13 + 8*z**2 - 5 + z**3 - 7*z. Let f be c(-7). Calculate the greatest common factor of 9 and f.
9
Suppose -27 - 3 = -3*r. Let l be 72/7 - 2/7. What is the greatest common divisor of r and l?
10
Let m = 0 + 3. Let t be ((-4)/(-10))/(m/90). Suppose 2*x + 5*r - t = 40, 5*r = 3*x - 128. Calculate the greatest common divisor of 18 and x.
18
Let l(x) = x**3 - 6*x**2 + 10*x. Let d be l(3). Calculate the greatest common factor of d and 51.
3
Let b(o) = 24*o**2 + 2*o - 2. Suppose -2*x = 2*x - 8. Let k be b(x). What is the highest common factor of 14 and k?
14
Suppose -5*w - 2*s - 72 = -10*w, -5*s = 5. Calculate the highest common divisor of 112 and w.
14
Suppose 14 = 5*p - 2*c, -2*p + 7*c - 3*c - 4 = 0. Suppose -p*b - 4*r = -40, -3*r + 0 = -2*b - 5. What is the highest common divisor of 1 and b?
1
Suppose 31*z - 6 = 28*z. What is the greatest common factor of 22 and z?
2
Let o(r) = -r**2 + 8*r + 1. Let z be o(7). Let v be 46/z + (-1)/(-4). Suppose 0*c + 2*c = 108. What is the highest common factor of v and c?
6
Let y(b) = -3*b - 1 + 120*b**2 + 3 + 2*b. Let l be y(-2). Suppose 5*f = 231 + l. What is the greatest common divisor of 13 and f?
13
Let w(f) = -2*f. Let z be w(7). Let i be ((-24)/z)/((-10)/(-385)). Calculate the greatest common factor of i and 6.
6
Let i = 14 + -7. Suppose -7 - i = -f. What is the highest common factor of 35 and f?
7
Suppose 4*m - 6 - 4 = -2*i, -4*m = -3*i + 25. Suppose 5*w = w + 2*c - 2, 3*w + 9 = 4*c. Calculate the greatest common divisor of w and i.
1
Let r(t) = -t + 1. Let s be r(-2). Suppose -c - s*c + 308 = 0. What is the highest common divisor of c and 11?
11
Let d be -2 + (0 - 34)/(-2). Calculate the greatest common divisor of 20 and d.
5
Suppose -7*d - 2*d + 9 = 0. Let m be ((-2)/(-3))/((-4)/(-6)). What is the greatest common factor of m and d?
1
Let p(q) = 5*q - 12. Let x = -11 - -16. Let b be p(x). Calculate the highest common factor of b and 26.
13
Let r be (-12)/2*3/(-2). Suppose -2*k + r + 39 = 0. Suppose a + a = k. What is the greatest common factor of a and 24?
12
Suppose 0 = -4*w - 5*d - 34, -3*w - 2*d = -d + 31. Let r = 17 - w. Let u be (-986)/(-14) + (-6)/14. Calculate the highest common factor of u and r.
14
Let z = 4 + -6. Let x be 2*(-1)/z - -4. Let s = 0 + 2. Calculate the highest common factor of s and x.
1
Let k be (77 + 4)*(-1)/(-3). Let w be 2/(-6)*k/(-3). Let n be ((-21)/(-14))/(w/16). What is the greatest common divisor of 8 and n?
8
Suppose -4*i = -20, c - 4*i + 28 = 5*c. Suppose c*g - 6 = -3*b, -4*g + b - 5*b = -12. Let t be g/5 - 624/(-10). Calculate the highest common factor of 7 and t.
7
Let c(p) = p**3 + 6*p**2 - 2*p + 8. Let h be c(-6). What is the highest common factor of h and 10?
10
Let d(u) = 10*u**2 + 4*u - 7. Let o(k) = 9*k**2 + 4*k - 6. Let j(l) = -4*d(l) + 5*o(l). Let a be j(3). Calculate the highest common divisor of a and 11.
11
Let j be (492/18)/(4/6). Suppose 2*o - j = 49. What is the greatest common divisor of 18 and o?
9
Let n = 3 + -2. Let i = 3 - n. Suppose 4*s + 2 = 6. What is the highest common divisor of s and i?
1
Suppose -2*q = -q - 45. What is the highest common factor of q and 9?
9
Let l be 1/(3/6*2). Let y be (l + -3)/((-3)/69). What is the greatest common factor of 23 and y?
23
Let l be 6/(-3)*-1 + -24. Let d = 34 + l. Suppose 0*u + 4*u - 5*r = 422, 110 = u + r. What is the greatest common factor of u and d?
12
Let l(i) = 3*i**2 + 6*i + 2. Let u be l(-3). Calculate the greatest common divisor of 33 and u.
11
Let l be ((-105)/42)/((-2)/164). What is the highest common divisor of l and 41?
41
Let h = -3 + 0. Let l be (3 - (-36 - h))*4. Calculate the greatest common divisor of l and 16.
16
Let q = -133 - -155. Calculate the greatest common factor of 352 and q.
22
Let f(c) = -5 - 3 - 1 - 17*c + 0. Let u be f(-7). Let m(l) = 3*l**2 + l + 1. Let r be m(-2). What is the highest common factor of r and u?
11
Suppose 2 + 2 = 4*t. Let m = t - -125. Calculate the greatest common divisor of 18 and m.
18
Let t(q) = -2*q - 2. Let l be t(-6). Suppose -66 = -4*f + 58. Let r = 46 - f. Calculate the highest common factor of r and l.
5
Let d(l) = 4*l**3 - 5*l**2 + 0 - 2*l + 8 - 3*l**3. Let v be d(6). Calculate the highest common divisor of 80 and v.
16
Suppose 2*m - i - 2 = 1, 0 = 3*m - 3*i. What is the greatest common factor of m and 1?
1
Let q be ((-14)/4)/(3*(-4)/24). What is the highest common divisor of 49